 hundreds digit of 9025?
0
What is the units digit of 24857?
7
What is the units digit of 158510?
0
What is the hundreds digit of 447?
4
What is the units digit of 3816?
6
What is the thousands digit of 4103?
4
What is the hundreds digit of 484?
4
What is the hundreds digit of 55877?
8
What is the tens digit of 11413?
1
What is the tens digit of 1726?
2
What is the ten thousands digit of 38495?
3
What is the tens digit of 4147?
4
What is the ten thousands digit of 25630?
2
What is the thousands digit of 69388?
9
What is the thousands digit of 2850?
2
What is the hundreds digit of 59941?
9
What is the tens digit of 6717?
1
What is the hundreds digit of 10593?
5
What is the hundreds digit of 481?
4
What is the units digit of 9466?
6
What is the tens digit of 16138?
3
What is the units digit of 1393?
3
What is the units digit of 980?
0
What is the thousands digit of 15019?
5
What is the ten thousands digit of 35081?
3
What is the hundreds digit of 13300?
3
What is the units digit of 2602?
2
What is the hundreds digit of 297?
2
What is the thousands digit of 22321?
2
What is the tens digit of 164573?
7
What is the units digit of 5732?
2
What is the ten thousands digit of 55569?
5
What is the thousands digit of 12967?
2
What is the thousands digit of 1680?
1
What is the hundreds digit of 497?
4
What is the units digit of 590?
0
What is the units digit of 159?
9
What is the thousands digit of 4861?
4
What is the tens digit of 6222?
2
What is the tens digit of 21834?
3
What is the thousands digit of 1021?
1
What is the tens digit of 80065?
6
What is the thousands digit of 2281?
2
What is the hundreds digit of 43695?
6
What is the hundreds digit of 6793?
7
What is the thousands digit of 3304?
3
What is the hundreds digit of 40569?
5
What is the hundreds digit of 8444?
4
What is the units digit of 3175?
5
What is the hundreds digit of 7672?
6
What is the tens digit of 932?
3
What is the thousands digit of 40916?
0
What is the hundreds digit of 2161?
1
What is the hundreds digit of 902?
9
What is the hundreds digit of 4265?
2
What is the tens digit of 8330?
3
What is the hundreds digit of 1149?
1
What is the hundreds digit of 18123?
1
What is the hundreds digit of 12081?
0
What is the units digit of 54975?
5
What is the units digit of 17688?
8
What is the hundred thousands digit of 111198?
1
What is the tens digit of 11811?
1
What is the tens digit of 36607?
0
What is the tens digit of 2322?
2
What is the hundreds digit of 9116?
1
What is the thousands digit of 7231?
7
What is the tens digit of 3579?
7
What is the hundreds digit of 18738?
7
What is the ten thousands digit of 20549?
2
What is the tens digit of 3713?
1
What is the units digit of 4949?
9
What is the units digit of 402?
2
What is the thousands digit of 3423?
3
What is the units digit of 1079?
9
What is the thousands digit of 1650?
1
What is the tens digit of 108390?
9
What is the thousands digit of 14136?
4
What is the thousands digit of 8247?
8
What is the units digit of 1327?
7
What is the hundred thousands digit of 118123?
1
What is the hundreds digit of 968?
9
What is the thousands digit of 89153?
9
What is the units digit of 26254?
4
What is the hundreds digit of 8558?
5
What is the tens digit of 722?
2
What is the thousands digit of 3467?
3
What is the units digit of 1540?
0
What is the hundreds digit of 29960?
9
What is the tens digit of 15752?
5
What is the hundreds digit of 7024?
0
What is the hundreds digit of 276?
2
What is the hundreds digit of 1467?
4
What is the units digit of 5517?
7
What is the units digit of 581?
1
What is the units digit of 2103?
3
What is the hundreds digit of 8707?
7
What is the hundreds digit of 644?
6
What is the thousands digit of 4814?
4
What is the hundreds digit of 331?
3
What is the units digit of 4387?
7
What is the hundreds digit of 1883?
8
What is the thousands digit of 24832?
4
What is the thousands digit of 42328?
2
What is the thousands digit of 3710?
3
What is the hundreds digit of 8585?
5
What is the ten thousands digit of 107308?
0
What is the hundreds digit of 1175?
1
What is the units digit of 5116?
6
What is the thousands digit of 15247?
5
What is the hundreds digit of 1023?
0
What is the hundreds digit of 791?
7
What is the thousands digit of 19736?
9
What is the hundreds digit of 48127?
1
What is the units digit of 11448?
8
What is the tens digit of 984?
8
What is the units digit of 65361?
1
What is the units digit of 19097?
7
What is the tens digit of 939?
3
What is the ten thousands digit of 23058?
2
What is the hundreds digit of 72729?
7
What is the tens digit of 54597?
9
What is the units digit of 975?
5
What is the hundreds digit of 6836?
8
What is the tens digit of 339?
3
What is the ten thousands digit of 15591?
1
What is the units digit of 53344?
4
What is the hundreds digit of 562?
5
What is the thousands digit of 1273?
1
What is the thousands digit of 3889?
3
What is the tens digit of 1908?
0
What is the units digit of 5417?
7
What is the thousands digit of 3207?
3
What is the tens digit of 53494?
9
What is the ten thousands digit of 43832?
4
What is the thousands digit of 75449?
5
What is the hundred thousands digit of 157448?
1
What is the ten thousands digit of 21147?
2
What is the thousands digit of 1097?
1
What is the hundred thousands digit of 130400?
1
What is the hundreds digit of 870?
8
What is the hundreds digit of 3998?
9
What is the hundreds digit of 20682?
6
What is the thousands digit of 27171?
7
What is the hundreds digit of 1248?
2
What is the thousands digit of 169845?
9
What is the hundreds digit of 791?
7
What is the hundreds digit of 2281?
2
What is the hundreds digit of 21999?
9
What is the units digit of 20842?
2
What is the tens digit of 6728?
2
What is the hundreds digit of 19500?
5
What is the hundreds digit of 47656?
6
What is the thousands digit of 22064?
2
What is the ten thousands digit of 30615?
3
What is the tens digit of 2890?
9
What is the hundreds digit of 6763?
7
What is the units digit of 2214?
4
What is the hundreds digit of 6033?
0
What is the tens digit of 5222?
2
What is the units digit of 1627?
7
What is the ten thousands digit of 12796?
1
What is the ten thousands digit of 113941?
1
What is the thousands digit of 13426?
3
What is the hundreds digit of 12210?
2
What is the thousands digit of 34556?
4
What is the units digit of 2109?
9
What is the units digit of 50412?
2
What is the tens digit of 8616?
1
What is the units digit of 4097?
7
What is the hundreds digit of 12617?
6
What is the units digit of 3754?
4
What is the thousands digit of 1085?
1
What is the units digit of 3413?
3
What is the thousands digit of 16948?
6
What is the hundred thousands digit of 107737?
1
What is the thousands digit of 5832?
5
What is the units digit of 811?
1
What is the hundreds digit of 18466?
4
What is the hundreds digit of 1605?
6
What is the tens digit of 842?
4
What is the thousands digit of 3099?
3
What is the units digit of 872?
2
What is the units digit of 9?
9
What is the tens digit of 8288?
8
What is the units digit of 770?
0
What is the units digit of 4894?
4
What is the hundreds digit of 1005?
0
What is the units digit of 104?
4
What is the tens digit of 45869?
6
What is the tens digit of 11816?
1
What is the units digit of 117298?
8
What is the hundreds digit of 107082?
0
What is the thousands digit of 1158?
1
What is the hundreds digit of 111217?
2
What is the tens digit of 4827?
2
What is the tens digit of 981?
8
What is the units digit of 1958?
8
What is the units digit of 3893?
3
What is the units digit of 24590?
0
What is the thousands digit of 39215?
9
What is the hundreds digit of 22810?
8
What is the ten thousands digit of 10928?
1
What is the hundreds digit of 19941?
9
What is the tens digit of 111?
1
What is the thousands digit of 1654?
1
What is the hundreds digit of 750?
7
What is the hundreds digit of 2627?
6
What is the units digit of 4955?
5
What is the tens digit of 796?
9
What is the hundreds digit of 4328?
3
What is the tens digit of 815?
1
What is the hundreds digit of 30542?
5
What is the hundreds digit of 25985?
9
What is the units digit of 146200?
0
What is the units digit of 17054?
4
What is the thousands digit of 8684?
8
What is the thousands digit of 7661?
7